*w + 16. What is the remainder when 2 is divided by f?
0
Calculate the remainder when (3 - 2)/1 - -37 is divided by 13.
12
Suppose -3*u - 7*u = -300. What is the remainder when u is divided by 16?
14
Let l(z) = -z**3 + 4*z**2 + z - 2. Let y be l(4). Let i be -4 + 1/(-1)*y. Let m(b) = -7*b + 5. Calculate the remainder when m(i) is divided by 16.
15
Suppose -10 = 2*u + 10. Suppose -3*m = -4*m + 4. Calculate the remainder when 1*(6/(-2) - u) is divided by m.
3
Suppose t + 7 = 5*r - 16, 2*t + 4*r = 24. What is the remainder when 3 is divided by t?
1
Suppose 4*y + o - 25 = -0*y, -25 = -2*y - 3*o. Suppose y*r = 44 + 56. Suppose 3*u + 6 - 27 = 0. Calculate the remainder when r is divided by u.
6
Suppose 3*j + 11 = 5*j + b, 0 = 2*j - 4*b - 26. Let k = 14 - j. Calculate the remainder when k is divided by 4.
3
Suppose -2*a + 26 + 44 = 0. Suppose a = 4*n + n. Suppose 2*p + n*y = 2*y + 21, -3*y - 29 = -4*p. What is the remainder when p is divided by 5?
3
Let d(x) = x**2 + 5*x - 3. What is the remainder when d(-6) is divided by 3?
0
Suppose -4*t = 5*s - 10, 2*t + 0*s = -5*s. Calculate the remainder when 11 is divided by t.
1
Suppose 7*p - 20 = 2*p. Let x = -11 + 14. What is the remainder when p is divided by x?
1
Let s be (-1)/((-3)/(-30))*-1. Suppose 3*a - 91 = 11. Let o = a + s. Calculate the remainder when o is divided by 15.
14
Let v be (-84)/(-1 - -3) + 2. Let b = v + 58. Calculate the remainder when 69 is divided by b.
15
Let i be 21 - 0/(-4 - -3). Let k = -13 + i. What is the remainder when 31 is divided by k?
7
Let o(i) be the third derivative of -i**5/60 + i**4/2 + i**3/6 + i**2. What is the remainder when o(6) is divided by 13?
11
Let q = 31 - 15. Calculate the remainder when (-27)/54*188/(-3 + 1) is divided by q.
15
Suppose 27 = 3*n - p, -2*p = 3*p. Calculate the remainder when 33 is divided by n.
6
Suppose 55 = 4*c + b, -3*c = -8*b + 6*b - 55. What is the remainder when 44 is divided by c?
14
Let w = -83 - -101. What is the remainder when w is divided by 5?
3
Let q(h) = h**2 - 10*h - 20. What is the remainder when 54 is divided by q(13)?
16
What is the remainder when 255 is divided by (-2)/7 + 450/7?
63
Let w = 278 + -179. Calculate the remainder when w is divided by 26.
21
Let c be 2/(-4)*2*-6. Suppose -c = -3*g + 9. Suppose 0 = -5*m, -3*h + 0*m + 57 = 2*m. What is the remainder when h is divided by g?
4
Suppose f - 5 = -2. Let z(w) = 8*w - 6. Let t be z(7). Suppose 2*j - t = -f*j. Calculate the remainder when j is divided by 4.
2
What is the remainder when 1 + 48 + 7 + -10 is divided by 18?
10
Calculate the remainder when (-16)/6*198/(-12) is divided by 15.
14
Let b = 3 - -17. Calculate the remainder when 38 is divided by b.
18
Let n = 62 + 45. Calculate the remainder when n is divided by 11.
8
Suppose -248 = -3*w - w. Calculate the remainder when w is divided by 16.
14
Let o be (-1)/(21/(-18) - -1). Suppose 2*t + 5*u = 81, -o*t + u + 173 = -2*t. What is the remainder when t is divided by 15?
13
Let h(c) = c**2 - 4*c - 18. Calculate the remainder when 104 is divided by h(-5).
23
Suppose 0 = s + 3*g - 10, 3*s + 4*g = g + 18. Suppose 0 = 5*f + 19 - 74. What is the remainder when f is divided by s?
3
Let q(g) = -g**3 - g**2 + 3*g + 3. Calculate the remainder when 2 is divided by q(-2).
0
Let w(v) = v**2 - 8*v + 5. Let x be w(12). Suppose -4*s + 0*i = i - x, -2*i = 4*s - 50. What is the remainder when s is divided by 8?
6
Suppose m - 3*m = -5*f - 10, m - 20 = -5*f. What is the remainder when 27 is divided by m?
7
Let q = 30 + -10. Suppose 2*n + 4*l - 22 = 0, -n - 1 = -5*l + 2. What is the remainder when q is divided by n?
6
Suppose 9*q - 48 = q. What is the remainder when ((-2)/(-4))/(2/40) is divided by q?
4
Calculate the remainder when 221 is divided by (-1688)/(-60) - (4/30)/1.
25
Suppose -7 = -5*d + 18. What is the remainder when d is divided by 2?
1
Suppose 10*v - 78 = 4*v. What is the remainder when 34 is divided by v?
8
Suppose -x + 4*n = 2*x - 25, 23 = x - 5*n. Suppose x*w - 59 = -5*j, -2*w = w + j - 43. What is the remainder when 36 is divided by w?
10
Suppose -m + 32 = 3*m. Calculate the remainder when 1 - ((3 - 7) + -10) is divided by m.
7
Suppose 4*u - 3*r - 53 = 0, 7*u - 2*u - 64 = 3*r. Calculate the remainder when 52 is divided by u.
8
Let s = -29 - -56. What is the remainder when 78 is divided by s?
24
Suppose 0 = -14*y + 11*y + 27. What is the remainder when y is divided by 6?
3
Let c(f) = f + 13. Let w be c(-6). Let l = 26 - w. What is the remainder when l is divided by 11?
8
Suppose -x + 37 = -5*r - 13, 176 = 4*x + 4*r. Let c = 22 + 9. Let p = c - 8. What is the remainder when x is divided by p?
22
Suppose -3*g + 68 = -1. Let j be (2 - 1) + 0 - 1. Suppose j = -b + 6 + 6. Calculate the remainder when g is divided by b.
11
Let r = 59 + 17. Calculate the remainder when r is divided by 23.
7
Suppose 5*z - 5 - 10 = 0. Suppose 5*v - z*o - 20 = o, -o - 5 = -2*v. Suppose v*j - j + 6 = 0. Calculate the remainder when 11 is divided by j.
5
Let m(s) = 3*s. Let p be m(1). Suppose 3*r + p*k - 33 = 0, -5*r = 3*k - 4*k - 49. What is the remainder when 11 is divided by (8/r)/(4/30)?
5
Let p = 79 + -72. Calculate the remainder when 31 is divided by p.
3
Let b(w) = 2*w**3 - 8*w**2 - 8*w + 13. What is the remainder when 60 is divided by b(5)?
14
Let l(m) = m**2 + m + 20. Calculate the remainder when l(0) is divided by 3.
2
Let g(o) = -2*o - 11. What is the remainder when 37 is divided by g(-12)?
11
Suppose -166 + 136 = -2*f. What is the remainder when 51 is divided by f?
6
Let w(d) = 9*d**2 + d + 5. What is the remainder when w(-2) is divided by 8?
7
What is the remainder when 25 is divided by (-9 + -2 + 15/(-5))*-1?
11
Let q = 1 + 2. Suppose -q*l = -0*l + w - 151, -2*w + 251 = 5*l. Suppose c - 29 = -3*f + 7, 3*f - 4*c = l. What is the remainder when f is divided by 7?
6
Suppose -5 - 15 = -2*m. Calculate the remainder when (-2)/((-2)/((-56)/(-2))) is divided by m.
8
Suppose -f + 5*y + 5 = 0, 1 = -5*f + y + 2. Suppose -3*n - 5 + 125 = f. Calculate the remainder when n is divided by 21.
19
What is the remainder when (72 - 10) + 0/(0 + 1) is divided by 13?
10
Let g(n) = -n - 7. Let y be g(-6). Let u(f) = -f - 1. Let k be u(y). Suppose -2*b + 3*b - 6 = k. Calculate the remainder when 10 is divided by b.
4
Let h = 132 - 119. Calculate the remainder when h is divided by 6.
1
Suppose 0 = h + z - 9 + 2, -5*z = 5. Let u = -9 - -14. Calculate the remainder when h is divided by u.
3
Let w(n) = 2*n**3 + 3*n**2 + n + 3. Let r be w(-3). Let i = r - -44. Let s = 66 + -60. What is the remainder when i is divided by s?
5
Let n(t) = 12*t + 1. Calculate the remainder when n(1) is divided by 4.
1
Let h be (-3)/(-15) - (-244)/5. Calculate the remainder when 31 is divided by h/3 - (-2)/(-6).
15
Suppose -2*z = -z + 4, 5*y - 3*z = -98. Let t = 32 - y. What is the remainder when t is divided by 19?
16
Let c(g) = g**2 + 9*g - 1. Let o be c(-8). Let d = -4 - o. Suppose d*q - 2*u = 233, 0 = 2*q - 4*u + 2*u - 92. Calculate the remainder when q is divided by 12.
11
Let w = -114 - -197. Suppose 4*x - 66 = -2*f, 4*f - w = -5*x + 2*f. Let q(h) = 3*h**2 - 2*h - 2. What is the remainder when x is divided by q(2)?
5
Suppose -5*s + 40 = 5*l, 3*l = -3*s + 5*l - 1. Let b = s + 0. Calculate the remainder when b is divided by 2.
1
Calculate the remainder when 4/18 - 3345/(-135) is divided by 8.
1
What is the remainder when 33 is divided by 0 + (4 - 4 - -18)?
15
Let f be (-8)/(-3 + 1) + 1. Suppose -f*z + 2*z - 105 = -3*m, -3*m = 5*z - 73. What is the remainder when m is divided by (1 - 18/(-4))/((-6)/(-12))?
9
Let o be 20/(-15)*(-3)/1. Suppose b = o*h - 119, -b - 57 = -2*h + 2*b. Calculate the remainder when h is divided by 16.
14
Suppose 22*f - 12*f - 1480 = 0. What is the remainder when f is divided by 10?
8
Let b be 5/(30/(-16))*3. Calculate the remainder when 29 is divided by (-2)/(b/6)*10.
14
Let b(m) = -m + 8. Suppose -21*n = -29*n + 296. Calculate the remainder when n is divided by b(0).
5
Let v(o) = 14*o - 1. Let j = -1 + 1. Suppose -4*t + j*t + 28 = 0. Calculate the remainder when v(1) is divided by t.
6
Calculate the remainder when ((-124)/6)/(1/(-3)) is divided by 2*(-3)/9 - 65/(-3).
20
Suppose 0 = -2*n - 2*n - 4. Suppose -5*z + 2*z = -9. What is the remainder when -3 + (-